26. What are the prime factors of y?
2, 3, 19
Let j = -19 - -14. Let w(r) = -3*r**3 - 5*r**2 + 5*r - 5. Let o(m) = -m**3 - 3*m**2 + 3*m - 3. Let a(d) = j*o(d) + 3*w(d). List the prime factors of a(-2).
2
Suppose w + 4*o = 621, -2*w = -2*o - 63 - 1209. What are the prime factors of w?
3, 211
Let c = 1532 + -1154. List the prime factors of c.
2, 3, 7
Suppose -3*b = -f + 5 + 14, 4*f = -3*b - 14. Let l be 1 - (b/(-3) + 10). Let v = -1 - l. List the prime factors of v.
2, 5
Let a(k) = -99*k - 4. Let t be a(-1). Let v = 226 - t. What are the prime factors of v?
131
Let t be (-2)/(-3) + (-12)/18. Suppose 4*y = -t*y. Suppose y = 3*a - 6*a + 21. What are the prime factors of a?
7
Let z = 1104 - 396. What are the prime factors of z?
2, 3, 59
Suppose -12 = -w + 3*w. What are the prime factors of 346/18 + w/27?
19
Let b(f) = f**2 + f + 3. Let a be b(-2). Let t = 11 - a. Suppose t*u - 235 - 95 = 0. List the prime factors of u.
5, 11
Let b(d) be the first derivative of d**3 - 9*d**2/2 - 14*d + 27. What are the prime factors of b(-5)?
2, 53
Let k(s) = -265*s - 48. What are the prime factors of k(-9)?
3, 19, 41
Suppose 2*l + 4*h = l + 608, 2*l - 1151 = 5*h. What are the prime factors of l?
2, 3, 7
Let b = -1154 - -3161. What are the prime factors of b?
3, 223
Suppose -7*q = -10*q + 18. Suppose -4*a = -q*h + 2*h + 4, -3*h = 5*a - 43. List the prime factors of h.
2, 3
Let y be 0/3 + 9 - -3. Let b = y - 22. Let z(j) = j**3 + 11*j**2 + 6*j + 2. List the prime factors of z(b).
2, 3, 7
Let w be (1 - 2)*(-42)/(-8)*-32. Suppose -5*r = -w - 127. What are the prime factors of r?
59
Let z(a) be the third derivative of a**4/3 - 3*a**3 + 2*a**2. List the prime factors of z(6).
2, 3, 5
Let g(y) = -114*y - 595. What are the prime factors of g(-27)?
13, 191
Let b = 20 + 82. List the prime factors of b.
2, 3, 17
Suppose 0 + 8 = 4*y. Suppose 20 = -0*p + 2*p + 5*x, 4*p + y*x - 24 = 0. Suppose -p*u = -110 - 155. List the prime factors of u.
53
Suppose -5*u - 2 = -3*n, 5*n = 2*n + 3*u + 12. Let j(z) = z**2 - z - 11. List the prime factors of j(n).
61
Suppose 32*d - 3052 = 25*d. List the prime factors of d.
2, 109
Let v(d) = 431*d**2 + 2. List the prime factors of v(-1).
433
Suppose -8*x + 6*x + 30 = 0. Let r = 15 - x. Suppose r = 3*j, 38 = n + n + 4*j. List the prime factors of n.
19
Let o(y) = 3*y**2 + 24*y - 25. Let b(z) = -5*z**2 - 36*z + 37. Let f(s) = -5*b(s) - 8*o(s). Suppose -h = -7 - 4. List the prime factors of f(h).
2
Suppose -5500 = -11*r + 6*r. List the prime factors of r.
2, 5, 11
Suppose 47989 = -35*h + 72*h. List the prime factors of h.
1297
Let j(b) = -b**3 - 7*b**2 + 4*b. Let d be j(-4). Let p be d/(-28) + (-2)/7. Suppose 0*z - 2*h - 151 = -3*z, -p*h = z - 37. List the prime factors of z.
47
Suppose k + 2*b = 1090, 4324 = 14*k - 10*k - 4*b. List the prime factors of k.
2, 271
Let x = 692 - 226. Suppose 186 = -2*d + x. List the prime factors of d.
2, 5, 7
Let w(p) = -p + 18. Let d be w(0). List the prime factors of (-3 - 0) + (-84)/d*-24.
109
Let b(s) = 85*s + 271. What are the prime factors of b(-2)?
101
Let a = -78 - -79. What are the prime factors of 249 - (1 + a)*6/(-6)?
251
Let u(r) = -r**3 - 22*r + 0*r**3 - 34*r**2 + 46*r**2. List the prime factors of u(9).
3, 5
What are the prime factors of (-1)/(-3) - (-6 + (-15784)/24)?
2, 83
Suppose -6*o = 2860 - 7348. List the prime factors of o.
2, 11, 17
Let l = 660 - 65. What are the prime factors of l?
5, 7, 17
Let t be ((-8)/((-8)/99))/(-1). Let o = 174 + t. What are the prime factors of o?
3, 5
Suppose 3*s - 149 = -2*r, s + 0*r = -4*r + 43. List the prime factors of s.
3, 17
Let k(l) = -4*l - 2 + 3*l - 16*l**2 - 2*l + 15*l**2. Let f be k(8). What are the prime factors of -3 - (-11)/((-33)/f)?
3
Let u be ((-3 + 9)/1)/((-4)/(-34)). Suppose 2*n + 5*c - 41 - 61 = 0, -n - 3*c = -u. What are the prime factors of n?
3, 17
Let j(t) = t**3 - 4*t**2 - 3*t - 1. Let p be j(-2). Let c = p - -21. Suppose c*r + 182 + 35 = 5*i, 3*r = 5*i - 213. List the prime factors of i.
3, 5
Suppose -6*z + z - 10 = 0, -5*z - 16 = -2*m. Suppose g = m - 1. Let s = g - -3. What are the prime factors of s?
5
What are the prime factors of -8*978/72*-3?
2, 163
Let y be (0 - (-18)/(-15))/(14/35). Let d be (-132)/(-5) - (-4)/(-10). Let b = y + d. List the prime factors of b.
23
Let s(o) = 5*o - 8. Let y be s(14). Let a = y + -12. Suppose 0 = 5*n - a - 20. What are the prime factors of n?
2, 7
Let w(v) = 203*v**3 - 4*v + 7. List the prime factors of w(3).
2, 37
List the prime factors of -25*(5 - 59 - -7).
5, 47
Let q(l) = 1955*l**3 + 2*l**2 + l - 4. List the prime factors of q(1).
2, 977
Suppose 0 = -2*h - g + 3*g + 16, -2*h + 5*g = -31. Suppose 5*b - 348 = 3*l, 5*b - 541 = -h*l - 169. What are the prime factors of b?
2, 3
Let v = -206 - -615. List the prime factors of v.
409
Let i(v) be the first derivative of -3*v**2/2 + 56*v - 1. Suppose -5*p + 2*u - 2 = 0, 4*u = p + 2*u + 2. What are the prime factors of i(p)?
2, 7
Let b(o) = -o**3 + 14*o**2 + 16*o + 12. List the prime factors of b(14).
2, 59
Suppose -72 = 2*i - 210. Let w = 129 - i. List the prime factors of w.
2, 3, 5
Let p(m) = m**3 + 3*m**2 + m + 1. Let z be p(-2). List the prime factors of (-1)/((-4)/372*z).
31
Let n = 68 - 55. Suppose 14*q = n*q + 11. What are the prime factors of q?
11
Let m = -38 - -44. Suppose -m*f + 379 = -281. What are the prime factors of f?
2, 5, 11
Let d be 6/((3 + 1)/2). Suppose -2*i - 5*g = -d*g - 76, -4*i + 176 = -4*g. List the prime factors of i.
41
Let y = -26 + 31. Suppose 5*t + 295 = 5*c, -2*c + t + 88 = y*t. List the prime factors of c.
2, 3
Let p(r) = r - 2*r - r**3 - 4*r**2 - 4*r - 2. Let k be p(-3). Suppose -3*c + 24 + 34 = -k*m, -3*c - 4*m + 50 = 0. List the prime factors of c.
2, 3
Let l(p) = 3*p**3 + 44*p**2 - 15*p - 14. What are the prime factors of l(-14)?
2, 3, 7
Let l(t) = t**3 + 15*t**2 + 2*t - 3. Let k be l(-14). Suppose -k = -11*o + 44. What are the prime factors of o?
19
Suppose -3*z = -0*z + 450. List the prime factors of (2 + (-30)/12)/(1/z).
3, 5
Let d = -7 + -6. Let g = d + -65. Let a = 122 + g. List the prime factors of a.
2, 11
Let z(j) = 15*j**2 - 4*j - 3. Let q be z(4). Let a = q - 347. List the prime factors of 1/(-2) - a/4.
31
What are the prime factors of 191510/198 - (-6)/(-27)?
967
Suppose -3 = 2*l - 4*z + 3, 0 = l - 4*z + 7. What are the prime factors of (525/(-28) + l/(-4))/(-1)?
19
Suppose 5*b - 3896 = -2*n, -5*b + 2*n = -2*n - 3878. Suppose -186 = 3*c - h - b, 2*c + 4*h = 376. What are the prime factors of c?
2, 7
Suppose -5*a + a = 20. Let d be -1*1 - (-6 - a). Suppose 5*y - 93 - 72 = d. What are the prime factors of y?
3, 11
Suppose 2*c - 107 = -63. Let r = c - -88. List the prime factors of r.
2, 5, 11
Suppose 6*g = 4*g - 30. What are the prime factors of (78/15)/((-1)/g)?
2, 3, 13
Suppose 439 = -9*z + 8*z. Let j = -245 - z. What are the prime factors of j?
2, 97
Let u(c) = 19*c**2 - c - 1. Let r be 4 - (0 - (-6 + 4)). What are the prime factors of u(r)?
73
Suppose -y = -214 - 550. Suppose -2*v = 2*v - y. Suppose -v = -5*c + 39. What are the prime factors of c?
2, 23
Let b = 760 + -475. List the prime factors of b.
3, 5, 19
Let q(d) = -d**3 + 6*d**2 - 5*d + 3. Let b be q(5). Let j(t) = 0*t**3 - 2*t**b + t**3. What are the prime factors of j(-3)?
3
Let u be 2 + (5 - -2)/1. Suppose -14*q = -u*q - 1165. List the prime factors of q.
233
Suppose -2*i + 240 = 6*i. Suppose 7*w - i = 68. List the prime factors of w.
2, 7
Let q be 2 - (0/4 - 1). List the prime factors of (q/(-3)*1)/((-5)/1515).
3, 101
Let o(w) = w + 6. Let k(j) = j**2 - 16*j + 21. Let g be k(14). Let d = g + 4. List the prime factors of o(d).
3
Suppose 29 + 31 = 3*c. Suppose -2*x + c = -20. List the prime factors of (x/(-8))/(3/(-18)).
3, 5
Suppose 0 = -133*u + 135*u - 1496. What are the prime factors of u?
2, 11, 17
Suppose -25*z = -8838 - 58712. What are the prime factors of z?
2, 7, 193
Let g = 8335 + -2868. What are the prime factors of g?
7, 11, 71
Let c(p) = -38*p - 11. Let q be c(-8). Suppose -4*b = 2*i - i - q, -5*i = -2*b + 141. List the prime factors of b.
73
Let q(i) = i + 1. Let g be q(2). Let p(s) = -4*s - 5 + g*s + 17. List the prime factors of p(0).
2, 3
Let d(c) be the third derivative of c**5/60 - c**4/6 + c**3/3 + 2*c**2. Let x be (-15 - -3)/(-5 